{"id":10968,"date":"2022-02-19T17:30:08","date_gmt":"2022-02-19T15:30:08","guid":{"rendered":"https:\/\/www.sailpower.de\/?page_id=10968"},"modified":"2022-02-19T17:30:08","modified_gmt":"2022-02-19T15:30:08","slug":"classic-sailing-2019-calendar","status":"publish","type":"page","link":"https:\/\/www.sailpower.de\/?page_id=10968","title":{"rendered":"Classic Sailing 2019 Calendar"},"content":{"rendered":"<h1 style=\"text-align: justify;\">Classic Sailing 2019 Kalender<\/h1>\n<h2 style=\"text-align: justify;\"><strong>Im DIN A2 Format! <\/strong><\/h2>\n<div class=\"wp-block-image\" style=\"text-align: justify;\">\n<figure class=\"aligncenter is-resized\"><img loading=\"lazy\" decoding=\"async\" class=\"wp-image-8174\" src=\"http:\/\/soerenhese.de\/wp-content\/uploads\/2018\/10\/00-ClassicSailing-Kalender2019.jpg\" alt=\"\" width=\"742\" height=\"511\"><\/figure>\n<\/div>\n<p style=\"text-align: justify;\">Der 2019er Klassiker Segel-Kalender, limitierte Auflage in hoher Qualit\u00e4t mit den Bilder-Highlights der Segelsaison 2018, 14 Seiten auf 300g Papier <strong>diesmal in A2 Format<\/strong>, im Offset-Druck mit dezent &amp; edel gestaltetem dunklem Kalendarium (mit Bildinformationen und \u201eMakingOf&#8221;) in mattem Finish f\u00fcr 39,95 + Versandkosten\/Verpackung (7,95 \u20ac). Ein perfektes, wertiges Geschenk. Bei Bestellung von 3 Kalendern auch versandkostenfrei.<\/p>\n<p style=\"text-align: justify;\">Versand ab 25. Oktober 2018! Abholung f\u00fcr Berliner\/Potsdamer ebenfalls m\u00f6glich &#8211; oder wer gerade in der Gegend ist ;). Vorbestellungen per Email ab sofort. Kein Versand zwischen dem 28.12.2018 und 4.1.2019!<\/p>\n<p style=\"text-align: justify;\">Mehr Informationen und vollst\u00e4ndige Seitenvorschau jetzt auf <a href=\"http:\/\/www.segelkalender.com\">http:\/\/www.segelkalender.com<\/a>.<\/p>\n<p style=\"text-align: center;\"><span style=\"color: #ff0000;\">*<\/span><\/p>\n<p style=\"text-align: justify;\">Nat\u00fcrlich :) wieder in Zusammenarbeit mit:<\/p>\n\n<figure class=\"aligncenter\" style=\"text-align: justify;\"><a href=\"http:\/\/soerenhese.de\/sailpower-blog\/wp-content\/uploads\/2017\/11\/Logo_ingatomann1.jpg\"><img loading=\"lazy\" decoding=\"async\" width=\"173\" height=\"99\" class=\"wp-image-6987\" src=\"http:\/\/soerenhese.de\/sailpower-blog\/wp-content\/uploads\/2017\/11\/Logo_ingatomann1.jpg\" alt=\"https:\/\/www.ingatomann.de\"><\/a><\/figure>\n<p style=\"text-align: justify;\">Beispiele des aufw\u00e4ndig gelayoutet Kalendariums (<a href=\"http:\/\/www.ingatomann.de\">inga&nbsp;tomann kommunikationsdesign<\/a> Berlin):<\/p>\n<p style=\"text-align: justify;\">Linksb\u00fcndig alle Feiertage der Bundesl\u00e4nder, Mondphasenkalender und Kalenderwochennummerierung:<\/p>\n\n<div class=\"wp-block-image\" style=\"text-align: justify;\">\n<figure class=\"aligncenter is-resized\"><img loading=\"lazy\" decoding=\"async\" class=\"wp-image-8168\" src=\"http:\/\/soerenhese.de\/wp-content\/uploads\/2018\/10\/Kalendarium1.jpg\" alt=\"\" width=\"580\" height=\"207\" srcset=\"https:\/\/www.sailpower.de\/wp-content\/uploads\/2018\/10\/Kalendarium1.jpg 739w, https:\/\/www.sailpower.de\/wp-content\/uploads\/2018\/10\/Kalendarium1-300x107.jpg 300w\" sizes=\"auto, (max-width: 580px) 100vw, 580px\" \/><\/figure>\n<\/div>\n<div class=\"wp-block-image\" style=\"text-align: justify;\">\n<figure class=\"aligncenter is-resized\"><img loading=\"lazy\" decoding=\"async\" class=\"wp-image-8169\" src=\"http:\/\/soerenhese.de\/wp-content\/uploads\/2018\/10\/Kalendarium3.jpg\" alt=\"\" width=\"579\" height=\"175\" srcset=\"https:\/\/www.sailpower.de\/wp-content\/uploads\/2018\/10\/Kalendarium3.jpg 564w, https:\/\/www.sailpower.de\/wp-content\/uploads\/2018\/10\/Kalendarium3-300x90.jpg 300w\" sizes=\"auto, (max-width: 579px) 100vw, 579px\" \/><\/figure>\n<\/div>\n<p style=\"text-align: justify;\">Beispiel Kalenderblatt mit neutral eingefasstem Bildfeld und die Bildwirkung unterst\u00fctzende zur\u00fcckhaltend abget\u00f6nten Kalendariumselementen. Aufl\u00f6sung des Bildfeldes ist hier als Demo-Abbildung stark reduziert:<\/p>\n\n<div class=\"wp-block-image\" style=\"text-align: justify;\">\n<figure class=\"aligncenter is-resized\"><img loading=\"lazy\" decoding=\"async\" class=\"wp-image-8166\" src=\"http:\/\/soerenhese.de\/wp-content\/uploads\/2018\/10\/09-Sept-Heti.jpg\" alt=\"\" width=\"738\" height=\"461\"><\/figure>\n<\/div>\n<p style=\"text-align: justify;\">Bildunterschriften mit Details &nbsp;der abgebildeten Yachten mit Werft und Baujahr:<\/p>\n\n<div class=\"wp-block-image\" style=\"text-align: justify;\">\n<figure class=\"aligncenter is-resized\"><img loading=\"lazy\" decoding=\"async\" class=\"wp-image-8165\" src=\"http:\/\/soerenhese.de\/wp-content\/uploads\/2018\/10\/Kalendarium2.jpg\" alt=\"\" width=\"737\" height=\"338\" srcset=\"https:\/\/www.sailpower.de\/wp-content\/uploads\/2018\/10\/Kalendarium2.jpg 569w, https:\/\/www.sailpower.de\/wp-content\/uploads\/2018\/10\/Kalendarium2-300x138.jpg 300w\" sizes=\"auto, (max-width: 737px) 100vw, 737px\" \/><\/figure>\n<\/div>\n<p style=\"text-align: justify;\">Letzte Seite (Seite 14): Legende zum Kalendarium auf einer Bonus-Seite unter einem &#8220;Making Of&#8221;-Text mit vielen Hintergrundinfos zu den Fotos und Aufnahmetechniken. Au\u00dferdem gibt es hier einige zus\u00e4tzliche Beispielfotos.<\/p>\n\n<div class=\"wp-block-image\" style=\"text-align: justify;\">\n<figure class=\"aligncenter is-resized\"><img loading=\"lazy\" decoding=\"async\" class=\"wp-image-8167\" src=\"http:\/\/soerenhese.de\/wp-content\/uploads\/2018\/10\/13-ClassicSailing-Kalender2019.jpg\" alt=\"\" width=\"731\" height=\"517\" srcset=\"https:\/\/www.sailpower.de\/wp-content\/uploads\/2018\/10\/13-ClassicSailing-Kalender2019.jpg 819w, https:\/\/www.sailpower.de\/wp-content\/uploads\/2018\/10\/13-ClassicSailing-Kalender2019-300x212.jpg 300w, https:\/\/www.sailpower.de\/wp-content\/uploads\/2018\/10\/13-ClassicSailing-Kalender2019-768x543.jpg 768w\" sizes=\"auto, (max-width: 731px) 100vw, 731px\" \/><\/figure>\n<\/div>\n<p style=\"text-align: justify;\">Bestellung per Email an <a href=\"mailto:info@soerenhese.de\">info@soerenhese.de<\/a>, komplette Seitenvorschau online unter <a href=\"http:\/\/www.segelkalender.com\">http:\/\/www.segelkalender.com&nbsp;<\/a>.&nbsp;<\/p>\n<!-- \/wp:post-content -->\n\n<a href=\"http:\/\/soerenhese.de\/wp-content\/uploads\/2018\/10\/Kalendar-2019-\u00dcbersicht.jpg\"><img loading=\"lazy\" decoding=\"async\" class=\" wp-image-8194 alignleft\" src=\"http:\/\/soerenhese.de\/wp-content\/uploads\/2018\/10\/Kalendar-2019-\u00dcbersicht.jpg\" alt=\"\" width=\"735\" height=\"596\"><\/a>\n\n<!-- wp:embed \/-->","protected":false},"excerpt":{"rendered":"<p>Classic Sailing 2019 Kalender Im DIN A2 Format! Der 2019er Klassiker Segel-Kalender, limitierte Auflage in hoher Qualit\u00e4t mit den Bilder-Highlights der Segelsaison 2018, 14 Seiten auf 300g Papier diesmal in A2 Format, im Offset-Druck mit dezent &amp; edel gestaltetem dunklem Kalendarium (mit Bildinformationen und \u201eMakingOf&#8221;) in mattem Finish f\u00fcr 39,95 + Versandkosten\/Verpackung (7,95 \u20ac). Ein perfektes, wertiges Geschenk. Bei Bestellung&#46;&#46;&#46;<\/p>\n","protected":false},"author":3,"featured_media":0,"parent":0,"menu_order":0,"comment_status":"closed","ping_status":"closed","template":"","meta":{"footnotes":""},"class_list":["post-10968","page","type-page","status-publish","hentry"],"_links":{"self":[{"href":"https:\/\/www.sailpower.de\/index.php?rest_route=\/wp\/v2\/pages\/10968","targetHints":{"allow":["GET"]}}],"collection":[{"href":"https:\/\/www.sailpower.de\/index.php?rest_route=\/wp\/v2\/pages"}],"about":[{"href":"https:\/\/www.sailpower.de\/index.php?rest_route=\/wp\/v2\/types\/page"}],"author":[{"embeddable":true,"href":"https:\/\/www.sailpower.de\/index.php?rest_route=\/wp\/v2\/users\/3"}],"replies":[{"embeddable":true,"href":"https:\/\/www.sailpower.de\/index.php?rest_route=%2Fwp%2Fv2%2Fcomments&post=10968"}],"version-history":[{"count":1,"href":"https:\/\/www.sailpower.de\/index.php?rest_route=\/wp\/v2\/pages\/10968\/revisions"}],"predecessor-version":[{"id":10969,"href":"https:\/\/www.sailpower.de\/index.php?rest_route=\/wp\/v2\/pages\/10968\/revisions\/10969"}],"wp:attachment":[{"href":"https:\/\/www.sailpower.de\/index.php?rest_route=%2Fwp%2Fv2%2Fmedia&parent=10968"}],"curies":[{"name":"wp","href":"https:\/\/api.w.org\/{rel}","templated":true}]}}